6. Does 18 divide g?
False
Suppose 15 = 5*u - 3*p, -4*u - 2*p - p = 15. Suppose -z + 3 + 1 = 0, 4*y - 3*z = u. Suppose -3*g - 545 = -5*r + 2*g, 2*r + y*g - 198 = 0. Is 35 a factor of r?
True
Let h = 0 + 2. Let y(c) = -c**2 + 2*c - 3. Let v be y(h). Is -1 + ((-54)/v - 0) a multiple of 17?
True
Suppose 5*h - 16560 = -5*p, 0 = p - h + 6*h - 3312. Is 48 a factor of p?
True
Suppose 0 = 62*k - 169172 + 41452. Is 33 a factor of k?
False
Suppose 0 = 3*p + 317 + 3655. Does 30 divide 12/(-66) - p/22?
True
Let l = -328 + 393. Is l a multiple of 33?
False
Suppose -8*k + 15 = -3*k. Suppose -10*i + 308 = -k*i. Does 11 divide i?
True
Let v(k) = -2*k**2 + 6*k - 68. Let i(t) = -t**2 + 3*t - 34. Let j(l) = -5*i(l) + 2*v(l). Is 17 a factor of j(0)?
True
Suppose 6*v = 5*v - 467. Let f = 767 + v. Is 25 a factor of f?
True
Suppose 20*r = 14*r + 24. Suppose 3*f - 210 = -h, -r*f - 20 = f. Is 37 a factor of h?
True
Let a(s) = s**2 - 6*s + 24. Is a(20) a multiple of 38?
True
Let v be 4 + (-5)/((-5)/(-2)). Does 8 divide (7/(-14))/(v/(-96))?
True
Suppose 3*k = u - 100, 0 = -u + 3*u - 3*k - 188. Suppose -s - 89 = -c - 1, -c + 3*s = -u. Does 22 divide c?
True
Does 7 divide 2*(-7 - (-144 - 3))?
True
Let a be 3*(-1 - 0) - -5. Does 13 divide 71 - (1 - 6/a)?
False
Is 14 a factor of 2 + 238 + 1 + -13 + 19?
False
Let g(o) = 61*o**2 - 18*o - 7. Does 14 divide g(5)?
True
Suppose 5*p + 3*r = -1158, 3*p - 3*r + 43 + 647 = 0. Let i = p - -413. Does 14 divide i?
True
Let s(h) = 91*h**2 - 2*h + 1. Let w be s(1). Let k(o) = -3*o + 54. Let u be k(2). Let t = w - u. Does 21 divide t?
True
Suppose j - 4*h = 12, -9 = 4*j - 0*j + 3*h. Let v(n) = 3*n**3 + 3*n**2 + 2*n + 1. Let p be v(4). Suppose j = 5*t - 281 - p. Is 31 a factor of t?
False
Let k = 121 + 0. Is k a multiple of 11?
True
Let x = -7 - -76. Does 3 divide x?
True
Let b(m) = 22*m**3 - 3*m**2 - 10*m - 13. Let q(w) = -11*w**3 + w**2 + 4*w + 6. Let s(l) = -2*b(l) - 5*q(l). Does 8 divide s(2)?
True
Let g(o) = -o**2 + 21*o + 21. Let p be g(16). Suppose 66 + p = n + 2*d, -n + 168 = d. Is n a multiple of 13?
True
Let l(x) be the third derivative of x**4/2 + 8*x**2. Does 36 divide l(3)?
True
Let m = 14 + -11. Suppose -m*p = p. Suppose v - 94 - 14 = p. Is v a multiple of 27?
True
Let r be ((-4018)/(-35))/(2/30). Is 3 a factor of (-2)/(-17) + r/102?
False
Let u = -18 - -7. Is (12 + u)/((-1)/(-11)) a multiple of 3?
False
Suppose 26 - 20 = -2*t. Let u(k) = 6*k - 8*k - 3*k**3 - 3*k**2 + 1 - 1. Does 20 divide u(t)?
True
Suppose k = 137 + 705. Does 5 divide k?
False
Let k(y) = y**3 - 7*y**2 + 10*y - 10. Let c be k(7). Suppose -284 = -8*f + c. Is f a multiple of 4?
False
Suppose 0*l - 8 = 4*l. Does 8 divide 2/l + 4 + 84/2?
False
Suppose -2*z + 8 = -4. Let b be z/(-30) - 72/(-10). Suppose b*g + 27 = 10*g. Is g a multiple of 9?
True
Suppose -5*y = -2*y - 27. Suppose y = s + 3. Suppose 10*l = s*l + 212. Is 8 a factor of l?
False
Suppose -2*b + 6*u - 2*u + 22 = 0, -b = 4*u + 7. Does 2 divide 6*-7*b/(-10)?
False
Let m = 908 + -628. Suppose 5*w + o = 280, 5*w - 2*o = -5*o + m. Is w a multiple of 14?
True
Let x = 448 + -285. Is 27 a factor of x?
False
Let y(o) = o**3 + 20*o**2 + 35*o + 11. Let b be y(-16). Suppose -3*p + 281 + b = 0. Is p a multiple of 36?
True
Let i = 20 + -17. Does 7 divide (i - 4) + 35 - 4?
False
Suppose 0 = -2*b - 4, -l - 216 = -3*l + 4*b. Suppose -628 = -4*n + l. Is 16 a factor of n?
False
Does 2 divide (11 + -77)/(-6) - -246?
False
Suppose 5*w - 172 = -2*l, 5*l + 51 + 12 = 2*w. Let j = -48 + w. Let u(x) = -2*x - 14. Is u(j) a multiple of 14?
True
Suppose -18 = -8*c + 94. Let g be (12/(-14))/((-3)/21). Is 13 a factor of 266/g - c/(-21)?
False
Let b(u) = -157*u - 741. Does 127 divide b(-12)?
True
Suppose 5*x + 4 = 14. Let h be -4 + 3 + (-2)/x. Does 15 divide (1/h)/((-2)/120)?
True
Let k(p) = -p**2 - 14*p + 8. Let l be k(-14). Let w be l/6 - (-4)/6. Suppose -y = 4*z - 36, w*z = -0*z - 4. Is y a multiple of 21?
False
Let x be -1*8/(-10)*-15. Let p = -4 + x. Let a = 31 + p. Is 15 a factor of a?
True
Suppose -13*w + 11376 = 5*w. Is w a multiple of 79?
True
Is ((-408)/255)/(-2*1/865) a multiple of 2?
True
Let c(h) = 146*h**2 - 137*h**2 + h + 0*h. Does 4 divide c(-1)?
True
Let g = 1706 - 1442. Does 3 divide g?
True
Let f = 44 + -86. Suppose 2*a - 3*m - 309 = -2*a, 3*a - 248 = -m. Let g = f + a. Is 10 a factor of g?
False
Suppose 3*z - 70 = -o, 5*z + 4*o - 60 = 3*z. Let s = z + -38. Let b = s - -25. Does 3 divide b?
True
Suppose 20 = 4*a + a. Suppose -p + a*l - l = 14, 0 = -2*p + l - 13. Does 9 divide (-2)/p - (-88)/5?
True
Let u = 1 - 6. Let o(i) = -3 + 12*i + 21*i - 2*i**2 - i**3 - 27*i. Does 14 divide o(u)?
True
Suppose -2*c - 35 - 36 = -i, -5*i - c + 388 = 0. Is i a multiple of 2?
False
Let g(u) = u**3 - 24*u**2 + 8*u + 10. Does 19 divide g(24)?
False
Let k be (-89)/(-6) - (-4)/24. Suppose h + k = 6*h. Suppose h*d = -7 + 37. Is 5 a factor of d?
True
Let p = 29 + -44. Suppose 5*z = y + 24, 2*y - 6*z + 18 = -2*z. Is (3 - p) + y - -1 a multiple of 5?
True
Let t = 173 - 62. Let y = -30 + t. Is y a multiple of 5?
False
Let t be 2/(-6)*-4*(-114)/(-76). Suppose -2*c = -t, u + c = 3*c + 100. Is u a multiple of 18?
False
Let y(q) = 7*q - 49. Let j(o) = 3*o - 24. Let l(c) = -5*j(c) + 2*y(c). Does 4 divide l(14)?
True
Let f(m) be the first derivative of 2*m**5/15 - m**4/4 - 5*m**3/3 - 3. Let a(k) be the third derivative of f(k). Is a(4) a multiple of 22?
False
Suppose 0*f - 27 = 4*c - 3*f, -2 = -2*f. Is ((-3)/c - 1)*2 + 73 a multiple of 5?
False
Let y(u) = 119*u. Let q be y(-3). Let i = q + 500. Does 36 divide i?
False
Let z = 85 + -85. Suppose 8*r - 288 = -z*r. Is 18 a factor of r?
True
Let d(u) = u + 2. Let f be d(0). Let h(w) = w - w**f - 8 + 11*w + w - w. Is h(8) a multiple of 6?
True
Let x(s) = -2*s - 26. Suppose 0 = -14*l + 9*l - 100. Does 11 divide x(l)?
False
Is 36 a factor of 2562/6 + 4 - -1?
True
Let o = 686 + -621. Is 17 a factor of o?
False
Suppose 0 = 2*w - 0*w. Let y(g) = 252*g + w + 1 - 128*g. Does 36 divide y(1)?
False
Let h = 243 - -272. Is 11 a factor of h?
False
Suppose 8*v - 1445 + 293 = 0. Does 15 divide v?
False
Let w(h) = 9*h**2 - 10*h - 6. Let f(b) = -b**2 - 2*b - 1. Let k(g) = -3*f(g) + w(g). Let n(d) = -d**3 + 2*d**2 + 3*d - 2. Let x be n(3). Does 9 divide k(x)?
False
Let v(b) = -6 + 3*b + 0*b**2 - b**2 - 18*b. Does 19 divide v(-7)?
False
Let m(d) be the second derivative of 1/6*d**3 + 23/12*d**4 + 0 + 8*d + 0*d**2. Is m(-1) a multiple of 10?
False
Let h(m) = -m + 6. Let c be h(-3). Suppose 3*y + c*y = 2244. Is 29 a factor of y?
False
Let v(l) = l**3 + 7*l**2 + l + 9. Let s be v(-7). Suppose s = -m + 8. Does 10 divide 93/(m/2) + -1?
True
Let j(f) = 0*f**3 - 3*f**3 - f**3 + 5*f**2 + 8*f + 3*f**3 - 8. Let b be j(6). Suppose 0*i - b*i + w = -67, 5*w - 33 = -3*i. Does 16 divide i?
True
Suppose -4*u = -3*l - 7*u + 36, l = 5*u. Is 20 a factor of 50/(-3)*(2 - 56/l)?
True
Let h(k) be the third derivative of k**4/12 + 11*k**3/3 - 7*k**2. Let w be 1/(-2) - (-19)/(-2). Does 2 divide h(w)?
True
Let l = -4 - -4. Suppose -5*n + 8 + 12 = l. Suppose -x + 35 = h + 1, -133 = -n*x - 5*h. Is 10 a factor of x?
False
Does 5 divide (-1532)/(-10) - 21/((-1050)/40)?
False
Is 30 a factor of (-1 - 5)*(-666)/54?
False
Let f be 2/12 - (-462)/36. Let a = f - 5. Suppose -a = -2*s, -4*g + 0*g - s = -164. Does 12 divide g?
False
Let l(b) = -34*b - 20. Let d(o) = -107*o - 65. Let h(x) = 54*x + 33. Let f(u) = 3*d(u) + 5*h(u). Let j(z) = -5*f(z) + 8*l(z). Is j(-4) a multiple of 29?
True
Let g(h) = 11*h**2 - h + 1. Let z(s) = -s + 1. Let a be z(-4). Suppose -2*d + a = d + 2*r, 2*r = 5*d - 3. Does 2 divide g(d)?
False
Let g(z) = 9*z**2 - 26*z + 88. Is g(8) a multiple of 24?
True
Let z be (-6)/5*((-45)/6 + 5). Suppose 3 = -3*y, -4*y + 788 = j + z*j. Is j a multiple of 18?
True
Let l be (3 + (3 - 6))/2. Is (l - -1)/((-8)/(-176)) a multiple of 16?
False
Let a(q) be the second derivative of -q**5/20 - q**4/12 + 2*q**3 + q**2 - 10*q. Does 6 divide a(-5)?
True
Let s(a) = 16*a**2 - 13*a - 98. Is s(-5) a multiple of 19?
False
Suppose 0*x + x = 4*c - 574, 5*c = -3*x + 726. Suppose 0 = -5*r + 4*i - 417, 4*r + 312 = -0*r - 4*i. Let v = c + r. Is v a multiple of 21?
True
Suppose 0 = -2*g + g + 20. Let a = 12 + g. Suppose -4*z + 16 = -a. Does 6 divide z?
True
Let g(i)